ase 10) to base 2
110011100
What is c78a (base 13) in base 3?
1101221111
Convert -320 (base 9) to base 10.
-261
-20001101 (base 3) to base 4
-1010323
-10da2 (base 15) to base 4
-31013012
What is 64 (base 10) in base 9?
71
What is -402 (base 14) in base 6?
-3350
Convert -101000100110 (base 2) to base 11.
-1a52
Convert 546 (base 10) to base 7.
1410
What is 120214 (base 5) in base 9?
6066
What is 3a25 (base 15) in base 4?
3001322
-438 (base 12) to base 13
-389
What is 25038 (base 10) in base 16?
61ce
What is -5255 (base 7) in base 3?
-2112122
What is 362a (base 11) in base 4?
1022033
What is -1167 (base 13) in base 8?
-4623
What is 422 (base 8) in base 3?
101011
What is -11434 (base 8) in base 3?
-20201012
Convert 11111111 (base 2) to base 3.
100110
What is 16cc (base 13) in base 9?
4564
What is -4012 (base 9) in base 10?
-2927
Convert -124105 (base 7) to base 9.
-34534
What is 14501 (base 10) in base 6?
151045
What is 6c48 (base 16) in base 8?
66110
Convert 20100 (base 5) to base 6.
5523
Convert -2e3 (base 16) to base 4.
-23203
What is -4004 (base 5) in base 11?
-419
Convert 2636 (base 10) to base 13.
127a
What is 75 (base 8) in base 15?
41
Convert 2021002 (base 3) to base 5.
23044
Convert 114 (base 11) to base 13.
a6
What is -101011001101 (base 2) in base 14?
-1017
-12220 (base 3) to base 12
-113
3301 (base 14) to base 15
2931
-35513 (base 6) to base 3
-21002000
What is 161a (base 11) in base 4?
200132
430143 (base 5) to base 8
34127
Convert 234 (base 8) to base 11.
132
Convert -57 (base 11) to base 2.
-111110
Convert -5520 (base 12) to base 14.
-35c4
Convert 4926 (base 11) to base 2.
1100100101001
10100101 (base 2) to base 6
433
What is 1463 (base 15) in base 8?
10420
-3b9c (base 13) to base 9
-12682
What is 1011011100000 (base 2) in base 3?
22000220
Convert 115e6 (base 16) to base 5.
4234032
Convert 3b29 (base 15) to base 12.
7393
Convert -12123 (base 4) to base 12.
-2a3
-1034 (base 5) to base 6
-400
-1223203 (base 4) to base 3
-100102221
-100011 (base 4) to base 8
-2005
What is 4434 (base 5) in base 3?
211221
Convert 133 (base 16) to base 3.
102101
Convert dde5 (base 15) to base 5.
3001030
What is 7b2 (base 16) in base 3?
2200222
Convert -84a (base 16) to base 4.
-201022
Convert -242 (base 16) to base 7.
-1454
What is -3382 (base 11) in base 4?
-1011132
Convert -c31 (base 15) to base 12.
-170a
Convert 663 (base 9) to base 6.
2303
-37324 (base 9) to base 6
-311551
-105 (base 16) to base 14
-149
-52410 (base 9) to base 10
-34596
What is 3777 (base 8) in base 2?
11111111111
Convert a752 (base 11) to base 10.
14214
Convert 3023 (base 4) to base 9.
245
What is -11233 (base 4) in base 3?
-111121
-161a (base 12) to base 16
-a36
What is 14101 (base 5) in base 9?
1518
-257 (base 8) to base 7
-340
Convert -239 (base 15) to base 12.
-360
What is -a53 (base 11) in base 16?
-4f4
-332 (base 9) to base 7
-536
10035 (base 8) to base 9
5583
-441 (base 10) to base 14
-237
Convert -7971 (base 10) to base 12.
-4743
Convert 112112 (base 3) to base 8.
610
What is 1525 (base 6) in base 11?
346
Convert -1110010101 (base 2) to base 7.
-2450
What is -1010010000001 (base 2) in base 14?
-1cad
What is -7e (base 15) in base 8?
-167
Convert -300344 (base 5) to base 4.
-2110002
Convert 2c75 (base 15) to base 6.
112132
Convert 2230 (base 4) to base 11.
147
What is 1333 (base 8) in base 7?
2063
Convert -4932 (base 12) to base 5.
-230441
What is 17e7 (base 16) in base 13?
2a29
Convert 45316 (base 7) to base 14.
427d
Convert -525 (base 10) to base 16.
-20d
Convert 1058 (base 11) to base 10.
1394
-a7 (base 14) to base 8
-223
What is 512 (base 8) in base 9?
406
2623 (base 14) to base 4
1220213
Convert -1835 (base 9) to base 7.
-4052
Convert 4831 (base 16) to base 11.
12981
What is 122200 (base 3) in base 15?
21c
Convert 36614 (base 7) to base 15.
2c7b
13542 (base 9) to base 12
539b
Convert 110011000010 (base 2) to base 15.
e7b
Convert 1202212 (base 3) to base 16.
50c
492 (base 13) to base 12
563
What is 855 (base 11) in base 7?
2666
Convert 10000211 (base 4) to base 9.
24465
What is 1603 (base 8) in base 4?
32003
207 (base 16) to base 4
20013
Convert -1002112200 (base 3) to base 2.
-101010000100001
Convert 1001100011 (base 2) to base 7.
1532
112001 (base 3) to base 10
379
What is 149c (base 13) in base 15?
d52
990 (base 12) to base 15
639
Convert 20122020 (base 3) to base 5.
123324
Convert 253251 (base 6) to base 3.
1011020211
Convert 5524 (base 8) to base 12.
1818
134330 (base 5) to base 13
2710
Convert 101001010101 (base 2) to base 4.
221111
What is 15530 (base 9) in base 10?
10638
-2011222 (base 3) to base 9
-2158
What is 31023312 (base 4) in base 7?
313311
What is 1302103 (base 4) in base 10?
7315
What is -1e54 (base 15) in base 13?
-3010
Convert 279a (base 13) to base 14.
2116
Convert 520 (base 12) to base 8.
1350
514 (base 6) to base 13
118
Convert 1570 (base 9) to base 15.
54c
What is 3e52 (base 15) in base 8?
32050
4471 (base 13) to base 14
36a8
Convert 10000111101 (base 2) to base 13.
656
-15411 (base 9) to base 16
-292c
Convert -122006 (base 7) to base 12.
-10aa5
What is -6065 (base 9) in base 8?
-10521
-1929 (base 13) to base 7
-13641
Convert 1221222 (base 3) to base 15.
655
-1232040 (base 5) to base 4
-11313110
-50a (base 11) to base 10
-615
5704 (base 8) to base 3
11010120
-521 (base 8) to base 13
-1cc
What is 340100 (base 5) in base 13?
5555
Convert -534b (base 16) to base 14.
-7ab1
What is -30670 (base 8) in base 3?
-122110102
Convert -2043 (base 7) to base 15.
-32c
Convert 2363 (base 10) to base 4.
210323
What is 14a (base 15) in base 5?
2140
Convert 1011111100 (base 2) to base 13.
46a
What is 1010000100100111 (base 2) in base 13?
15a16
-12121 (base 4) to base 13
-256
What is 948d (base 15) in base 16?
7ab0
30003 (base 5) to base 15
853
What is 6261 (base 13) in base 2?
11010100011111
Convert -20a0b (base 12) to base 5.
-2333143
What is 1272 (base 11) in base 9?
2235
What is -2b75 (base 15) in base 14?
-358b
What is -1102000 (base 3) in base 10?
-1026
1934 (base 11) to base 5
34312
10f4 (base 16) to base 3
12221202
What is -2032 (base 7) in base 3?
-222021
-138b0 (base 12) to base 15
-80d9
Convert -1243 (base 9) to base 2.
-1110100010
-3902 (base 10) to base 15
-1252
What is -101111 (base 2) in base 4?
-233
Convert 1512 (base 7) to base 12.
419
1787 (base 14) to base 12
254b
What is c6c (base 14) in base 4?
212100
What is 569 (base 11) in base 10?
680
What is -6946 (base 10) in base 3?
-100112021
104255 (base 6) to base 14
328b
What is -324413 (base 5) in base 3?
-120102001
-109 (base 14) to base 10
-205
38061 (base 10) to base 13
1442a
10732 (base 16) to base 9
112374
Convert 342 (base 13) to base 14.
2c1
What is -15d9 (base 14) in base 12?
-2323
What is 2404 (base 10) in base 11?
1896
What is 3072 (base 16) in base 11?
9355
Convert -22210 (base 3) to base 8.
-355
Convert 1416 (base 7) to base 6.
2320
What is 590 (base 16) in base 14?
73a
What is -104 (base 5) in base 11?
-27
What is 1011010 (base 2) in base 11?
82
387 (base 15) to base 12
56a
-a843 (base 13) to base 4
-11231101
249 (base 16) to base 11
492
Convert -4b2b (base 13) to base 4.
-2212330
Convert 10010 (base 5) to base 10.
630
2047 (base 9) to base 7
4243
2708 (base 12) to base 16
1178
313411 (base 5) to base 9
15335
What is -120222 (base 3) in base 10?
-431
-3451 (base 8) to base 9
-2456
1050 (base 9) to base 13
477
What is -1010101010011010 (base 2) in base 10?
-43674
What is 4529 (base 10) in base 12?
2755
Convert -2be (base 15) to base 3.
-212022
What is 4c34 (base 13) in base 7?
43442
5bb (base 15) to base 9
1705
What is -21300 (base 4) in base 8?
-1160
What is -122023 (base 4) in base 12?
-b77
Convert -200212 (base 3) to base 7.
-1325
-951 (base 16) to base 15
-a90
Convert 11010000001011 (base 2) to base 10.
13323
-37a8 (base 15) to base 8
-27122
What is -150544 (base 7) in base 12?
-14a01
49c4 (base 16) to base 7
106025
Convert -35d5 (base 16) to base 10.
-13781
Convert 68b (base 14) to base 11.
a81
What is 11000102120 (base 3) in base 9?
130376
Convert -ea8 (base 15) to base 7.
-12434
What is -102222011 (base 3) in base 7?
-34303
-6798 (base 16) to base 8
-63630
What is -1963 (base 11) in base 6?
-15305
What is 22230 (base 7) in base 13?
2724
b3 (base 12) to base 14
99
What is 111610 (ba